
Is 1273673 prime?
True
Is 4444049 a composite number?
False
Is 25146851 a prime number?
False
Is 168901379 a composite number?
False
Is 117027007 composite?
True
Is 7382231 composite?
True
Is 69117157 a composite number?
True
Is 136973827 composite?
False
Is 4233899 a composite number?
True
Is 914057527 a prime number?
True
Is 21831233 composite?
True
Is 944857 a composite number?
False
Is 1331921 prime?
True
Is 905540159 a composite number?
False
Is 24899 a prime number?
False
Is 41707199 composite?
False
Is 4191311 prime?
True
Is 444887979 prime?
False
Is 1907291 prime?
True
Is 39235577 prime?
False
Is 27662443 prime?
True
Is 12515461 prime?
False
Is 9766586 prime?
False
Is 8794757 composite?
False
Is 255613 a composite number?
False
Is 20873 prime?
True
Is 131209751 prime?
True
Is 55021637 prime?
False
Is 48298097 prime?
True
Is 89208131 a composite number?
False
Is 1878995 a composite number?
True
Is 291344351 a composite number?
True
Is 15067823 composite?
False
Is 558142549 prime?
True
Is 171565 composite?
True
Is 46747867 a composite number?
True
Is 1594387 prime?
True
Is 353397167 a composite number?
False
Is 2862913 a prime number?
False
Is 14560769 composite?
True
Is 6308243 prime?
True
Is 63625049 a prime number?
True
Is 5459219 prime?
False
Is 717524777 a composite number?
False
Is 1405093 a prime number?
False
Is 312023323 composite?
False
Is 169848863 a composite number?
False
Is 16793251 a composite number?
False
Is 375899287 prime?
False
Is 1999007 a prime number?
True
Is 833659 a composite number?
False
Is 3302987 composite?
False
Is 194813065 composite?
True
Is 2219306 composite?
True
Is 10672894 a composite number?
True
Is 34743389 a composite number?
True
Is 539039 a composite number?
False
Is 81678683 a prime number?
False
Is 44324447 prime?
False
Is 1538261 composite?
False
Is 14290151 composite?
False
Is 3638639 a composite number?
False
Is 998779 prime?
True
Is 4751441 a composite number?
False
Is 1349233 prime?
True
Is 245569 a composite number?
True
Is 349579 prime?
True
Is 492587 composite?
False
Is 110723527 a prime number?
True
Is 180407 composite?
True
Is 1912135 prime?
False
Is 84667031 composite?
False
Is 171111637 composite?
False
Is 18408961 composite?
True
Is 21070807 a prime number?
False
Is 169466659 a composite number?
True
Is 4557347 a prime number?
False
Is 9046481 a prime number?
False
Is 663829 prime?
False
Is 32006549 a prime number?
False
Is 5882971 prime?
True
Is 141567 a composite number?
True
Is 468489899 a composite number?
False
Is 1708318 a composite number?
True
Is 304061 composite?
True
Is 2870131 prime?
False
Is 32928409 composite?
True
Is 28861559 a composite number?
False
Is 814057483 prime?
False
Is 4392151 a composite number?
False
Is 1971377 composite?
False
Is 44744569 a prime number?
True
Is 204533533 composite?
False
Is 39695761 prime?
False
Is 269575417 a composite number?
True
Is 2102323 a prime number?
True
Is 1323919 a composite number?
False
Is 1956084031 a composite number?
True
Is 126545857 composite?
False
Is 6489671 a prime number?
True
Is 4458001 a composite number?
False
Is 369683 a composite number?
True
Is 950642603 composite?
True
Is 37300261 prime?
False
Is 9628429 a composite number?
True
Is 2918173 a composite number?
False
Is 9315139 composite?
True
Is 29067911 a composite number?
False
Is 5353511 composite?
True
Is 167381 a composite number?
False
Is 1862443 composite?
True
Is 782279 prime?
False
Is 3991969 prime?
False
Is 377342479 composite?
False
Is 35622539 a composite number?
False
Is 6951407 composite?
True
Is 32415697 a composite number?
True
Is 80431889 prime?
True
Is 153540047 a composite number?
True
Is 39584437 a composite number?
False
Is 9142151 a composite number?
False
Is 2464769 composite?
False
Is 15925309 prime?
True
Is 3969929 a prime number?
False
Is 29654769 a prime number?
False
Is 10932599 a composite number?
True
Is 25160937 prime?
False
Is 141360539 prime?
True
Is 3280867 a composite number?
False
Is 62471653 composite?
False
Is 15303649 a composite number?
True
Is 71698961 a prime number?
True
Is 824491 prime?
False
Is 214887679 prime?
False
Is 88467497 a prime number?
False
Is 697327 composite?
False
Is 850631 a prime number?
True
Is 45515969 composite?
True
Is 16814351 a composite number?
True
Is 12057281 prime?
True
Is 58428641 a composite number?
False
Is 6039953 composite?
True
Is 39416561 a prime number?
True
Is 359794 a prime number?
False
Is 94074041 prime?
True
Is 99469 a prime number?
True
Is 1185551 composite?
False
Is 3590831 prime?
True
Is 5005411 a composite number?
False
Is 9624191 a composite number?
False
Is 4166593 a prime number?
True
Is 8066497 composite?
False
Is 15107773 composite?
False
Is 17964559 prime?
False
Is 48310403 prime?
False
Is 342065785 composite?
True
Is 603607 a composite number?
False
Is 1067987 a composite number?
False
Is 168879091 composite?
True
Is 63627977 a prime number?
False
Is 202300927 composite?
True
Is 8890039 prime?
True
Is 4169929 composite?
False
Is 8981605 a composite number?
True
Is 826334 a composite number?
True
Is 33255647 prime?
True
Is 538199 composite?
False
Is 990259 prime?
True
Is 2523613 a prime number?
False
Is 28973579 a prime number?
True
Is 10336883 a composite number?
True
Is 45292487 a prime number?
False
Is 283251251 composite?
False
Is 11944571 prime?
False
Is 16147799 prime?
False
Is 9644273 composite?
False
Is 75290143 prime?
True
Is 743549 a prime number?
True
Is 2144629 a prime number?
True
Is 40325611 a prime number?
True
Is 85302937 composite?
True
Is 68118637 a prime number?
True
Is 34531891 prime?
True
Is 278808721 a prime number?
False
Is 21303757 composite?
False
Is 27533431 a prime number?
True
Is 48719393 composite?
False
Is 10874041 a composite number?
True
Is 750247 composite?
True
Is 3118387 a composite number?
False
Is 4548941 a prime number?
False
Is 2064973 a prime number?
False
Is 445978857 a prime number?
False
Is 12481367 a composite number?
True
Is 21814277 a composite number?
False
Is 216933001 prime?
False
Is 235919729 a prime number?
True
Is 57527 composite?
False
Is 9833207 a prime number?
False
Is 216615683 prime?
False
Is 5294279 prime?
True
Is 6478933 a composite number?
True
Is 233561 composite?
True
Is 99846433 a composite number?
False
Is 1379017 a prime number?
True
Is 81148927 a composite number?
False
Is 94674577 a composite number?
False
Is 2099365 prime?
False
Is 2968562 composite?
True
Is 6228139 a composite number?
False
Is 3564119 composite?
True
Is 25617503 a composite number?
True
Is 114713 prime?
True
Is 265863757 composite?
False
Is 1002017 composite?
False
Is 3592727 a composite number?
True
Is 598360429 composite?
False
Is 197534939 composite?
True
Is 147879751 composite?
True
Is 35786521 prime?
True
Is 110039843 prime?
False
Is 1405591 prime?
False
Is 301519391 composite?
True
Is 35302177 prime?
False
Is 46704281 a composite number?
True
Is 9552271 a prime number?
True
Is 457356777 composite?
True
Is 5755871 a prime number?
False
Is 4234721 a prime number?
True
Is 205653443 a composite number?
False
Is 91886 a composite number?
True
Is 4074137 a composite number?
False
Is 43169339 a composite number?
False
Is 2398699 a composite number?
False
Is 281381 a prime number?
True
Is 323411453 a composite number?
False
Is 2782133 a prime number?
False
Is 28536379 a composite number?
True
Is 843547 a prime number?
False
Is 17147387 a composite number?
False
Is 30819697 a composite number?
True
Is 83742991 a composite number?
False
Is 337754009 composite?
False
Is 26701267 composite?
False
Is 2148955 a composite number?
True
Is 37683109 prime?
True
Is 20016677 composite?
False
Is 2929621 a prime number?
True
Is 21829393 composite?
True
Is 30774181 composite?
False
Is 100924163 prime?
True
Is 5719811 a prime number?
False
Is 4063786 prime?
False
Is 68842117 a composite number?
False
Is 758509 prime?
False
Is 525880571 a composite number?
False
Is 15346777 a composite number?
True
Is 190207 a composite number?
False
Is 2071649 a composite number?
False
Is 2900281 a composite number?
False
Is 188785253 composite?
False
Is 138938581 a prime number?
True
Is 187024261 prime?
False
Is 378247 composite?
True
Is 18327077 a composite nu